{"id":408,"date":"2011-08-15T21:27:51","date_gmt":"2011-08-15T19:27:51","guid":{"rendered":"http:\/\/www.steinbogen.at\/?page_id=408"},"modified":"2012-01-20T10:30:47","modified_gmt":"2012-01-20T08:30:47","slug":"historisch","status":"publish","type":"page","link":"http:\/\/www.steinbogen.at\/?page_id=408","title":{"rendered":"Historisch"},"content":{"rendered":"<p>Ein Meilenstein in der Geschichte der Menschheit vollzog sich, in dem das &#8222;Stehende &#8211; Liegende&#8220; Prinzip durch das denken in Rundungen erweitert wurde. Diese Erweiterung durch den Rundbogen vervielf\u00e4ltigte die Baum\u00f6glichkeiten der Menschen in der R\u00f6merzeit enorm. Das Ziel der Besch\u00e4ftgung mit dem Steinbogen in der heutigen Zeit ist die Erweiterung der Handlungsm\u00f6glichkeiten von Personen und Teams.<\/p>\n","protected":false},"excerpt":{"rendered":"<p>Ein Meilenstein in der Geschichte der Menschheit vollzog sich, in dem das &#8222;Stehende &#8211; Liegende&#8220; Prinzip durch das denken in Rundungen erweitert wurde. Diese Erweiterung durch den Rundbogen vervielf\u00e4ltigte die Baum\u00f6glichkeiten der Menschen in der R\u00f6merzeit enorm. Das Ziel der &hellip; <a href=\"http:\/\/www.steinbogen.at\/?page_id=408\">Weiterlesen <span class=\"meta-nav\">&rarr;<\/span><\/a><\/p>\n","protected":false},"author":1,"featured_media":0,"parent":403,"menu_order":3,"comment_status":"closed","ping_status":"closed","template":"sidebar-page.php","meta":{"footnotes":""},"_links":{"self":[{"href":"http:\/\/www.steinbogen.at\/index.php?rest_route=\/wp\/v2\/pages\/408"}],"collection":[{"href":"http:\/\/www.steinbogen.at\/index.php?rest_route=\/wp\/v2\/pages"}],"about":[{"href":"http:\/\/www.steinbogen.at\/index.php?rest_route=\/wp\/v2\/types\/page"}],"author":[{"embeddable":true,"href":"http:\/\/www.steinbogen.at\/index.php?rest_route=\/wp\/v2\/users\/1"}],"replies":[{"embeddable":true,"href":"http:\/\/www.steinbogen.at\/index.php?rest_route=%2Fwp%2Fv2%2Fcomments&post=408"}],"version-history":[{"count":6,"href":"http:\/\/www.steinbogen.at\/index.php?rest_route=\/wp\/v2\/pages\/408\/revisions"}],"predecessor-version":[{"id":732,"href":"http:\/\/www.steinbogen.at\/index.php?rest_route=\/wp\/v2\/pages\/408\/revisions\/732"}],"up":[{"embeddable":true,"href":"http:\/\/www.steinbogen.at\/index.php?rest_route=\/wp\/v2\/pages\/403"}],"wp:attachment":[{"href":"http:\/\/www.steinbogen.at\/index.php?rest_route=%2Fwp%2Fv2%2Fmedia&parent=408"}],"curies":[{"name":"wp","href":"https:\/\/api.w.org\/{rel}","templated":true}]}}